illions digit of 3907849970?
3
What is the tens digit of 809729124?
2
What is the tens digit of 18243774?
7
What is the thousands digit of 73701029?
1
What is the ten thousands digit of 440152913?
5
What is the units digit of 56578557?
7
What is the ten thousands digit of 22671535?
7
What is the hundred thousands digit of 99829833?
8
What is the hundred millions digit of 900621297?
9
What is the hundred millions digit of 3506295863?
5
What is the ten millions digit of 841302531?
4
What is the ten millions digit of 870671128?
7
What is the units digit of 32812128?
8
What is the thousands digit of 33669585?
9
What is the thousands digit of 27183426?
3
What is the tens digit of 3175865350?
5
What is the tens digit of 26684787?
8
What is the ten millions digit of 2867037034?
6
What is the hundred thousands digit of 38662686?
6
What is the thousands digit of 297470251?
0
What is the billions digit of 1211969110?
1
What is the thousands digit of 3554586469?
6
What is the millions digit of 255750323?
5
What is the tens digit of 537449660?
6
What is the ten thousands digit of 2036539210?
3
What is the ten thousands digit of 961738482?
3
What is the tens digit of 100900411?
1
What is the ten thousands digit of 75689450?
8
What is the hundred thousands digit of 6786288667?
2
What is the billions digit of 2628407714?
2
What is the ten millions digit of 729527058?
2
What is the millions digit of 285076109?
5
What is the units digit of 18874877?
7
What is the thousands digit of 3480052304?
2
What is the hundred millions digit of 3508630418?
5
What is the hundreds digit of 1279497427?
4
What is the ten thousands digit of 6482295196?
9
What is the hundred thousands digit of 370715280?
7
What is the hundred thousands digit of 8113747?
1
What is the ten thousands digit of 8394463812?
6
What is the millions digit of 1219157472?
9
What is the ten millions digit of 338486527?
3
What is the tens digit of 354715144?
4
What is the millions digit of 47074562?
7
What is the tens digit of 1113898509?
0
What is the thousands digit of 79985856?
5
What is the thousands digit of 50390754?
0
What is the hundreds digit of 381027866?
8
What is the ten millions digit of 24049853?
2
What is the tens digit of 55532652?
5
What is the ten thousands digit of 256241373?
4
What is the billions digit of 4473643440?
4
What is the thousands digit of 51308640?
8
What is the hundred millions digit of 133525529?
1
What is the billions digit of 1948685923?
1
What is the hundred thousands digit of 45211355?
2
What is the millions digit of 2124302090?
4
What is the hundred thousands digit of 930649329?
6
What is the hundreds digit of 52561847?
8
What is the ten thousands digit of 95882025?
8
What is the thousands digit of 30877967?
7
What is the tens digit of 3030787375?
7
What is the units digit of 1418854183?
3
What is the tens digit of 560120365?
6
What is the tens digit of 227693894?
9
What is the thousands digit of 41760430?
0
What is the hundreds digit of 50129828?
8
What is the millions digit of 1786216974?
6
What is the hundred thousands digit of 1786684?
7
What is the hundred millions digit of 216302976?
2
What is the billions digit of 1422433610?
1
What is the hundred millions digit of 598344013?
5
What is the tens digit of 46163264?
6
What is the ten thousands digit of 228819566?
1
What is the units digit of 602164503?
3
What is the units digit of 590380441?
1
What is the tens digit of 4250461153?
5
What is the millions digit of 366432778?
6
What is the hundred millions digit of 142739047?
1
What is the hundreds digit of 354180285?
2
What is the thousands digit of 41851773?
1
What is the tens digit of 2447081?
8
What is the ten thousands digit of 479443970?
4
What is the hundred thousands digit of 1009719743?
7
What is the millions digit of 42371399?
2
What is the units digit of 49559138?
8
What is the millions digit of 3284987?
3
What is the ten thousands digit of 20002186?
0
What is the ten thousands digit of 53839932?
3
What is the units digit of 182016293?
3
What is the ten millions digit of 268666687?
6
What is the ten thousands digit of 123557692?
5
What is the ten millions digit of 1953174944?
5
What is the hundred thousands digit of 75897325?
8
What is the hundred thousands digit of 2855745866?
7
What is the thousands digit of 660272826?
2
What is the ten millions digit of 2528353040?
2
What is the ten thousands digit of 1692350647?
5
What is the hundred millions digit of 4866763631?
8
What is the thousands digit of 163130471?
0
What is the ten thousands digit of 7373067?
7
What is the units digit of 49031999?
9
What is the hundreds digit of 1277392898?
8
What is the hundred millions digit of 200699509?
2
What is the units digit of 575500727?
7
What is the ten thousands digit of 181743266?
4
What is the hundred thousands digit of 31030837?
0
What is the hundred thousands digit of 46220995?
2
What is the tens digit of 2039082056?
5
What is the ten thousands digit of 3335126?
3
What is the tens digit of 4369675082?
8
What is the tens digit of 2117705?
0
What is the thousands digit of 2245927960?
7
What is the hundred millions digit of 9002546767?
0
What is the hundred thousands digit of 238702782?
7
What is the hundreds digit of 23522684?
6
What is the millions digit of 765521260?
5
What is the ten millions digit of 979172055?
7
What is the tens digit of 2134766705?
0
What is the hundreds digit of 109868962?
9
What is the hundreds digit of 627772240?
2
What is the tens digit of 179585884?
8
What is the tens digit of 810853821?
2
What is the tens digit of 33661486?
8
What is the hundred thousands digit of 87135754?
1
What is the ten thousands digit of 9990918?
9
What is the thousands digit of 7660800?
0
What is the hundred millions digit of 1282854948?
2
What is the thousands digit of 647602521?
2
What is the ten millions digit of 1905128059?
0
What is the millions digit of 353538219?
3
What is the thousands digit of 818831502?
1
What is the tens digit of 4891358?
5
What is the hundreds digit of 25055579?
5
What is the hundred thousands digit of 223723572?
7
What is the hundreds digit of 825083796?
7
What is the units digit of 33694109?
9
What is the thousands digit of 154434944?
4
What is the thousands digit of 359480519?
0
What is the ten millions digit of 13552903?
1
What is the hundreds digit of 73539117?
1
What is the hundred millions digit of 1684713132?
6
What is the ten millions digit of 60023104?
6
What is the hundred thousands digit of 608753371?
7
What is the hundred millions digit of 5840444017?
8
What is the ten thousands digit of 149114639?
1
What is the hundred thousands digit of 48576499?
5
What is the thousands digit of 26011855?
1
What is the hundred millions digit of 7509422238?
5
What is the hundred thousands digit of 2849419?
8
What is the hundreds digit of 164107386?
3
What is the hundreds digit of 732545824?
8
What is the ten millions digit of 116287829?
1
What is the ten thousands digit of 1244054279?
5
What is the units digit of 50783354?
4
What is the thousands digit of 58971273?
1
What is the ten millions digit of 563638213?
6
What is the ten millions digit of 83737080?
8
What is the millions digit of 7561070?
7
What is the hundreds digit of 463369083?
0
What is the ten millions digit of 1042196595?
4
What is the billions digit of 7432132502?
7
What is the hundred thousands digit of 38081285?
0
What is the millions digit of 4143138752?
3
What is the thousands digit of 50527434?
7
What is the ten thousands digit of 185231317?
3
What is the hundred millions digit of 372164157?
3
What is the ten thousands digit of 170763391?
6
What is the hundreds digit of 801886853?
8
What is the hundreds digit of 28466498?
4
What is the ten millions digit of 395918511?
9
What is the hundreds digit of 4710059690?
6
What is the billions digit of 1153416872?
1
What is the millions digit of 51197871?
1
What is the billions digit of 2210455523?
2
What is the ten millions digit of 3370463845?
7
What is the hundred thousands digit of 38486468?
4
What is the tens digit of 3065270301?
0
What is the tens digit of 2257806708?
0
What is the millions digit of 1416295521?
6
What is the hundred millions digit of 2694054597?
6
What is the millions digit of 96758371?
6
What is th